{"id":63575,"date":"2022-01-11T11:08:07","date_gmt":"2022-01-11T10:08:07","guid":{"rendered":"https:\/\/renewable-carbon.eu\/publications\/?post_type=product&#038;p=63575"},"modified":"2022-05-31T09:58:52","modified_gmt":"2022-05-31T07:58:52","slug":"das-wechselhafte-image-der-kunststoffe-von-begeisterung-zur-skepsis-vom-siegeszug-zum-umweltproblem-pdf","status":"publish","type":"product","link":"https:\/\/renewable-carbon.eu\/publications\/product\/das-wechselhafte-image-der-kunststoffe-von-begeisterung-zur-skepsis-vom-siegeszug-zum-umweltproblem-pdf\/","title":{"rendered":"Das wechselhafte Image der Kunststoffe: Von Begeisterung zur Skepsis, vom Siegeszug zum Umweltproblem (PDF)"},"content":{"rendered":"","protected":false},"excerpt":{"rendered":"<p>Das Image der Kunststoffe steht heute in der Krise. Wie konnte es so weit kommen und was kann man tun, um das Image wieder zu verbessern? Kunststoffe sind wichtiger denn je f\u00fcr eine nachhaltige Zukunft. Alle Technologien stehen zur Verf\u00fcgung, um Kunststoffe umweltfreundlich zu gestalten und im Kreislauf zu fahren. Wie k\u00f6nnen wir die Gesellschaft wieder davon \u00fcberzeugen, dass eine Welt mit den richtigen Kunststoffen komfortabler, ressourcenschonender und klimafreundlicher sein wird als ohne?<\/p>\n","protected":false},"featured_media":63611,"template":"","meta":{"qubely_global_settings":"","qubely_interactions":"","_seopress_robots_primary_cat":"none","_uag_custom_page_level_css":""},"product_brand":[],"product_cat":[47,49],"product_tag":[345,228,240,343],"renewable-carbon":[64,65,66],"publication-type":[70],"class_list":{"0":"post-63575","1":"product","2":"type-product","3":"status-publish","4":"has-post-thumbnail","6":"product_cat-markets","7":"product_cat-sustainability","8":"product_tag-augenaufbeiplastikverboten","9":"product_tag-futureplastics","10":"product_tag-rckunststoffindustrie","11":"product_tag-tugendkunststoffkreislauf","12":"renewable-carbon-bio-based","13":"renewable-carbon-co2-based","14":"renewable-carbon-recycling","15":"publication-type-reports","17":"first","18":"instock","19":"downloadable","20":"virtual","21":"sold-individually","22":"product-type-simple"},"bundle_layout":"","bundled_by":[],"bundled_items":[],"uagb_featured_image_src":{"full":["https:\/\/renewable-carbon.eu\/publications\/wp-content\/uploads\/2022\/01\/22-01-Image-Kunststoff-Carus_Seite_1.png",679,960,false],"thumbnail":["https:\/\/renewable-carbon.eu\/publications\/wp-content\/uploads\/2022\/01\/22-01-Image-Kunststoff-Carus_Seite_1-106x150.png",106,150,true],"medium":["https:\/\/renewable-carbon.eu\/publications\/wp-content\/uploads\/2022\/01\/22-01-Image-Kunststoff-Carus_Seite_1-212x300.png",212,300,true],"medium_large":["https:\/\/renewable-carbon.eu\/publications\/wp-content\/uploads\/2022\/01\/22-01-Image-Kunststoff-Carus_Seite_1.png",679,960,false],"large":["https:\/\/renewable-carbon.eu\/publications\/wp-content\/uploads\/2022\/01\/22-01-Image-Kunststoff-Carus_Seite_1.png",679,960,false],"1536x1536":["https:\/\/renewable-carbon.eu\/publications\/wp-content\/uploads\/2022\/01\/22-01-Image-Kunststoff-Carus_Seite_1.png",679,960,false],"2048x2048":["https:\/\/renewable-carbon.eu\/publications\/wp-content\/uploads\/2022\/01\/22-01-Image-Kunststoff-Carus_Seite_1.png",679,960,false],"qubely_landscape":["https:\/\/renewable-carbon.eu\/publications\/wp-content\/uploads\/2022\/01\/22-01-Image-Kunststoff-Carus_Seite_1-679x750.png",679,750,true],"qubely_portrait":["https:\/\/renewable-carbon.eu\/publications\/wp-content\/uploads\/2022\/01\/22-01-Image-Kunststoff-Carus_Seite_1-540x320.png",540,320,true],"qubely_thumbnail":["https:\/\/renewable-carbon.eu\/publications\/wp-content\/uploads\/2022\/01\/22-01-Image-Kunststoff-Carus_Seite_1-140x100.png",140,100,true],"mega-menu":["https:\/\/renewable-carbon.eu\/publications\/wp-content\/uploads\/2022\/01\/22-01-Image-Kunststoff-Carus_Seite_1-191x270.png",191,270,true],"blog-teaser":["https:\/\/renewable-carbon.eu\/publications\/wp-content\/uploads\/2022\/01\/22-01-Image-Kunststoff-Carus_Seite_1-380x245.png",380,245,true],"woocommerce_thumbnail":["https:\/\/renewable-carbon.eu\/publications\/wp-content\/uploads\/2022\/01\/22-01-Image-Kunststoff-Carus_Seite_1-100x141.png",100,141,true],"woocommerce_single":["https:\/\/renewable-carbon.eu\/publications\/wp-content\/uploads\/2022\/01\/22-01-Image-Kunststoff-Carus_Seite_1.png",679,960,false],"woocommerce_gallery_thumbnail":["https:\/\/renewable-carbon.eu\/publications\/wp-content\/uploads\/2022\/01\/22-01-Image-Kunststoff-Carus_Seite_1-200x200.png",200,200,true],"sow-carousel-default":["https:\/\/renewable-carbon.eu\/publications\/wp-content\/uploads\/2022\/01\/22-01-Image-Kunststoff-Carus_Seite_1-272x182.png",272,182,true]},"uagb_author_info":{"display_name":"Dominik Vogt","author_link":"https:\/\/renewable-carbon.eu\/publications\/author\/"},"uagb_comment_info":0,"uagb_excerpt":"Das Image der Kunststoffe steht heute in der Krise. Wie konnte es so weit kommen und was kann man tun, um das Image wieder zu verbessern? Kunststoffe sind wichtiger denn je f\u00fcr eine nachhaltige Zukunft. Alle Technologien stehen zur Verf\u00fcgung, um Kunststoffe umweltfreundlich zu gestalten und im Kreislauf zu fahren. Wie k\u00f6nnen wir die Gesellschaft&hellip;","_links":{"self":[{"href":"https:\/\/renewable-carbon.eu\/publications\/wp-json\/wp\/v2\/product\/63575","targetHints":{"allow":["GET"]}}],"collection":[{"href":"https:\/\/renewable-carbon.eu\/publications\/wp-json\/wp\/v2\/product"}],"about":[{"href":"https:\/\/renewable-carbon.eu\/publications\/wp-json\/wp\/v2\/types\/product"}],"wp:featuredmedia":[{"embeddable":true,"href":"https:\/\/renewable-carbon.eu\/publications\/wp-json\/wp\/v2\/media\/63611"}],"wp:attachment":[{"href":"https:\/\/renewable-carbon.eu\/publications\/wp-json\/wp\/v2\/media?parent=63575"}],"wp:term":[{"taxonomy":"product_brand","embeddable":true,"href":"https:\/\/renewable-carbon.eu\/publications\/wp-json\/wp\/v2\/product_brand?post=63575"},{"taxonomy":"product_cat","embeddable":true,"href":"https:\/\/renewable-carbon.eu\/publications\/wp-json\/wp\/v2\/product_cat?post=63575"},{"taxonomy":"product_tag","embeddable":true,"href":"https:\/\/renewable-carbon.eu\/publications\/wp-json\/wp\/v2\/product_tag?post=63575"},{"taxonomy":"renewable-carbon","embeddable":true,"href":"https:\/\/renewable-carbon.eu\/publications\/wp-json\/wp\/v2\/renewable-carbon?post=63575"},{"taxonomy":"publication-type","embeddable":true,"href":"https:\/\/renewable-carbon.eu\/publications\/wp-json\/wp\/v2\/publication-type?post=63575"}],"curies":[{"name":"wp","href":"https:\/\/api.w.org\/{rel}","templated":true}]}}