{"id":315629,"date":"2025-04-07T11:34:35","date_gmt":"2025-04-07T09:34:35","guid":{"rendered":"https:\/\/renewable-carbon.eu\/publications\/?post_type=product&#038;p=315629"},"modified":"2025-04-08T09:40:28","modified_gmt":"2025-04-08T07:40:28","slug":"biomassepotenziale-rheinisches-revier","status":"publish","type":"product","link":"https:\/\/renewable-carbon.eu\/publications\/product\/biomassepotenziale-rheinisches-revier\/","title":{"rendered":"Biomassepotenziale Rheinisches Revier (PDF)"},"content":{"rendered":"","protected":false},"excerpt":{"rendered":"<p>Das Rheinische Revier soll im Zuge des Kohleausstiegs zu einer \u201eModellregion Bio\u00f6konomie\u201c entwickelt werden. Der dadurch steigende Biomassebedarf k\u00f6nnte negative Auswertungen haben und muss daher gr\u00fcndlich untersucht werden. Aus diesem Grund hat das LANUV mit Unterst\u00fctzung des nova-Instituts im Zeitraum vom 01.03.2023 bis 28.02.2025 das Projekt \u201eBiomassepotenziale Rheinisches Revier\u201c durchgef\u00fchrt. Ziel des Projekts war es, Grundlagen und Instrumente zu schaffen, um zu einer nachhaltigen Nutzung von Biomasse aus der Land- und Ern\u00e4hrungswirtschaft in der Region beizutragen.<\/p>\n","protected":false},"featured_media":315899,"template":"","meta":{"qubely_global_settings":"","qubely_interactions":"","_seopress_robots_primary_cat":"none","_uag_custom_page_level_css":""},"product_brand":[],"product_cat":[48,49],"product_tag":[],"renewable-carbon":[64],"publication-type":[70],"class_list":{"0":"post-315629","1":"product","2":"type-product","3":"status-publish","4":"has-post-thumbnail","6":"product_cat-policy","7":"product_cat-sustainability","8":"renewable-carbon-bio-based","9":"publication-type-reports","11":"first","12":"instock","13":"sold-individually","14":"taxable","15":"shipping-taxable","16":"product-type-external"},"bundle_layout":"","bundled_by":[],"bundled_items":[],"uagb_featured_image_src":{"full":["https:\/\/renewable-carbon.eu\/publications\/wp-content\/uploads\/2025\/04\/Lanuv_Fachbericht_thumbnail.jpg",679,960,false],"thumbnail":["https:\/\/renewable-carbon.eu\/publications\/wp-content\/uploads\/2025\/04\/Lanuv_Fachbericht_thumbnail-106x150.jpg",106,150,true],"medium":["https:\/\/renewable-carbon.eu\/publications\/wp-content\/uploads\/2025\/04\/Lanuv_Fachbericht_thumbnail-212x300.jpg",212,300,true],"medium_large":["https:\/\/renewable-carbon.eu\/publications\/wp-content\/uploads\/2025\/04\/Lanuv_Fachbericht_thumbnail.jpg",679,960,false],"large":["https:\/\/renewable-carbon.eu\/publications\/wp-content\/uploads\/2025\/04\/Lanuv_Fachbericht_thumbnail.jpg",679,960,false],"1536x1536":["https:\/\/renewable-carbon.eu\/publications\/wp-content\/uploads\/2025\/04\/Lanuv_Fachbericht_thumbnail.jpg",679,960,false],"2048x2048":["https:\/\/renewable-carbon.eu\/publications\/wp-content\/uploads\/2025\/04\/Lanuv_Fachbericht_thumbnail.jpg",679,960,false],"qubely_landscape":["https:\/\/renewable-carbon.eu\/publications\/wp-content\/uploads\/2025\/04\/Lanuv_Fachbericht_thumbnail-679x750.jpg",679,750,true],"qubely_portrait":["https:\/\/renewable-carbon.eu\/publications\/wp-content\/uploads\/2025\/04\/Lanuv_Fachbericht_thumbnail-540x320.jpg",540,320,true],"qubely_thumbnail":["https:\/\/renewable-carbon.eu\/publications\/wp-content\/uploads\/2025\/04\/Lanuv_Fachbericht_thumbnail-140x100.jpg",140,100,true],"mega-menu":["https:\/\/renewable-carbon.eu\/publications\/wp-content\/uploads\/2025\/04\/Lanuv_Fachbericht_thumbnail-191x270.jpg",191,270,true],"blog-teaser":["https:\/\/renewable-carbon.eu\/publications\/wp-content\/uploads\/2025\/04\/Lanuv_Fachbericht_thumbnail-380x245.jpg",380,245,true],"woocommerce_thumbnail":["https:\/\/renewable-carbon.eu\/publications\/wp-content\/uploads\/2025\/04\/Lanuv_Fachbericht_thumbnail.jpg",679,960,false],"woocommerce_single":["https:\/\/renewable-carbon.eu\/publications\/wp-content\/uploads\/2025\/04\/Lanuv_Fachbericht_thumbnail.jpg",679,960,false],"woocommerce_gallery_thumbnail":["https:\/\/renewable-carbon.eu\/publications\/wp-content\/uploads\/2025\/04\/Lanuv_Fachbericht_thumbnail-200x200.jpg",200,200,true],"sow-carousel-default":["https:\/\/renewable-carbon.eu\/publications\/wp-content\/uploads\/2025\/04\/Lanuv_Fachbericht_thumbnail-272x182.jpg",272,182,true]},"uagb_author_info":{"display_name":"Dominik Vogt","author_link":"https:\/\/renewable-carbon.eu\/publications\/author\/"},"uagb_comment_info":0,"uagb_excerpt":"Das Rheinische Revier soll im Zuge des Kohleausstiegs zu einer \u201eModellregion Bio\u00f6konomie\u201c entwickelt werden. Der dadurch steigende Biomassebedarf k\u00f6nnte negative Auswertungen haben und muss daher gr\u00fcndlich untersucht werden. Aus diesem Grund hat das LANUV mit Unterst\u00fctzung des nova-Instituts im Zeitraum vom 01.03.2023 bis 28.02.2025 das Projekt \u201eBiomassepotenziale Rheinisches Revier\u201c durchgef\u00fchrt. Ziel des Projekts war es,&hellip;","_links":{"self":[{"href":"https:\/\/renewable-carbon.eu\/publications\/wp-json\/wp\/v2\/product\/315629","targetHints":{"allow":["GET"]}}],"collection":[{"href":"https:\/\/renewable-carbon.eu\/publications\/wp-json\/wp\/v2\/product"}],"about":[{"href":"https:\/\/renewable-carbon.eu\/publications\/wp-json\/wp\/v2\/types\/product"}],"wp:featuredmedia":[{"embeddable":true,"href":"https:\/\/renewable-carbon.eu\/publications\/wp-json\/wp\/v2\/media\/315899"}],"wp:attachment":[{"href":"https:\/\/renewable-carbon.eu\/publications\/wp-json\/wp\/v2\/media?parent=315629"}],"wp:term":[{"taxonomy":"product_brand","embeddable":true,"href":"https:\/\/renewable-carbon.eu\/publications\/wp-json\/wp\/v2\/product_brand?post=315629"},{"taxonomy":"product_cat","embeddable":true,"href":"https:\/\/renewable-carbon.eu\/publications\/wp-json\/wp\/v2\/product_cat?post=315629"},{"taxonomy":"product_tag","embeddable":true,"href":"https:\/\/renewable-carbon.eu\/publications\/wp-json\/wp\/v2\/product_tag?post=315629"},{"taxonomy":"renewable-carbon","embeddable":true,"href":"https:\/\/renewable-carbon.eu\/publications\/wp-json\/wp\/v2\/renewable-carbon?post=315629"},{"taxonomy":"publication-type","embeddable":true,"href":"https:\/\/renewable-carbon.eu\/publications\/wp-json\/wp\/v2\/publication-type?post=315629"}],"curies":[{"name":"wp","href":"https:\/\/api.w.org\/{rel}","templated":true}]}}